culate w(3).
-100
Let z(m) = 25*m + 146. Give z(-6).
-4
Let l(j) = -j**3 + 2*j**2 - 1. What is l(2)?
-1
Let x(c) = 6*c - 3. Give x(3).
15
Let a(j) = -j**3 - 17*j**2 - 37*j + 21. Calculate a(-14).
-49
Let f(q) = 6*q - 2. Calculate f(4).
22
Let d(y) = 39*y - 743. What is d(19)?
-2
Let z(t) = -9*t + 159. Determine z(18).
-3
Let v(h) = h**3 + 31*h**2 - 33*h - 37. Calculate v(-32).
-5
Let l(a) = a**3 - 8*a**2 - a - 14. Determine l(7).
-70
Let f(u) = -4*u**2 + 84*u - 66. Give f(20).
14
Let u(t) = -14*t. What is u(-1)?
14
Let p(z) = 2*z**3 - 19*z**2 + 11*z - 20. What is p(9)?
-2
Let z(s) = -2*s**2 - 3*s + 4. What is z(1)?
-1
Let u(i) = -i**3 - 7*i**2 + 14. Calculate u(-7).
14
Let d(q) = 7*q**2 + 18*q - 3. Give d(-3).
6
Let a(s) = s**2 - 11. Give a(-4).
5
Let n(m) = -m**3 - 13*m**2 - 39*m - 21. What is n(-9)?
6
Let g(p) = -30*p - 29. Give g(-1).
1
Let y(w) = 5*w - 25. Calculate y(4).
-5
Let g(m) = -7*m**2 - 5*m - 5. Calculate g(-1).
-7
Let q(g) = -g**2 + 4*g + 9. Determine q(5).
4
Let q(s) = -3*s**3 - 4*s**2 - 3*s - 2. Give q(-2).
12
Let d(b) = 3*b**2 - 2*b - 6. Give d(-4).
50
Let p(v) = -v**3 - 4*v**2 + 4*v + 7. Determine p(-5).
12
Let n(w) = w + 9. Give n(-23).
-14
Let c(x) = x**3 - 7*x**2 - 6*x - 18. Give c(8).
-2
Let n(c) = -c**2 + 7*c + 10. What is n(8)?
2
Let b(t) = t**3 - 5*t**2 - 20*t - 49. What is b(8)?
-17
Let t(f) = -13*f + 1. Calculate t(2).
-25
Let s(r) = -24*r - 135. Determine s(-6).
9
Let v(c) = c**3 + 13*c**2 - c - 12. Calculate v(-13).
1
Let b(r) = r**3 + 18*r**2 + 5*r + 20. Determine b(-18).
-70
Let c(v) = 4*v + 69. Calculate c(-14).
13
Let u(p) = p**2 + 8*p - 5. Give u(-8).
-5
Let h(n) = -5*n + 72. What is h(14)?
2
Let m(v) = v - 21. Give m(-6).
-27
Let o(j) = -j**2 - 3*j + 9. What is o(-10)?
-61
Let t(m) = -m**3 + 10*m**2 - 3*m - 19. Determine t(9).
35
Let n(u) = -14*u + 11. What is n(8)?
-101
Let o(z) = -2*z + 11. Calculate o(8).
-5
Let s(k) = k**3 - 18*k**2 - 17*k - 3. Determine s(19).
35
Let d(k) = -k**3 + 6*k**2 - 9*k + 12. Give d(5).
-8
Let m(x) = 3*x + 21. Give m(-6).
3
Let q(s) = s**3 + 12*s**2 - 13*s - 5. Calculate q(-13).
-5
Let f(m) = 8*m + 1. Give f(3).
25
Let l(f) = f**3 - 3*f**2 + f + 4. What is l(3)?
7
Let n(k) = 14*k**2 - k. What is n(-2)?
58
Let g(d) = -d**3 + 6*d**2 + 12*d + 12. What is g(8)?
-20
Let a(z) = -2*z**3 + 2*z**2 + z. What is a(-1)?
3
Let k(i) = -i**3 - 11*i**2 + 7*i + 25. Give k(-11).
-52
Let o(c) = 2*c**3 - 2*c**2 - 2*c - 1. What is o(-1)?
-3
Let g(b) = -b**2 - 2*b - 4. What is g(-2)?
-4
Let t(l) = l**3 - 4*l**2 - 14*l + 15. Give t(6).
3
Let p(n) = 3*n**3 + 7*n**2 - 2. Give p(-2).
2
Let p(x) = 5*x**2 + 2*x. Determine p(-2).
16
Let y(x) = -x**3 + 6*x**2 - 8*x + 4. Calculate y(5).
-11
Let p(o) = 3*o + 18. Determine p(0).
18
Let z(t) = 3*t + 32. Calculate z(-9).
5
Let h(a) = 4*a - 35. Calculate h(7).
-7
Let k(i) = 2*i**2 + 42*i + 11. Determine k(-16).
-149
Let x(p) = p**3 - p**2 + 4*p + 23. What is x(0)?
23
Let l(v) = 2*v**3 + 4*v**2 - 6*v + 7. What is l(2)?
27
Let w(m) = m**2 + 6*m - 1. What is w(-7)?
6
Let l(j) = j**3 - 8*j**2 - 8*j + 10. Calculate l(9).
19
Let y(p) = -3*p**2 + 14*p - 9. Give y(4).
-1
Let t(l) = -l**3 + 4*l**2 - 2*l - 1. Calculate t(4).
-9
Let h(f) = 17*f - 3. Give h(3).
48
Let w(l) = 69*l - 5. Determine w(-1).
-74
Let a(p) = p**2 + 25*p - 7. Give a(-27).
47
Let m(a) = -a**2 - 8*a - 20. What is m(-5)?
-5
Let f(w) = w**2 - 4*w - 1. What is f(6)?
11
Let h(c) = -15*c**2 - c. What is h(-1)?
-14
Let b(w) = w**3 - 11*w**2 + 13*w - 20. Give b(9).
-65
Let c(r) = r**3 + 2*r - 4. Determine c(-3).
-37
Let g(t) = -t**3 - 6*t**2 + 12*t + 28. Give g(-7).
-7
Let x(r) = 47*r - 6. Determine x(-1).
-53
Let o(x) = 10*x**2 - 7*x - 5. Give o(-1).
12
Let x(t) = 2*t**2 + 4*t + 9. Determine x(-3).
15
Let u(v) = v**2 + 16*v - 40. What is u(-18)?
-4
Let p(r) = -2*r + 64. Determine p(16).
32
Let h(t) = -t**3 - 8*t**2 - 14*t - 11. Determine h(-5).
-16
Let o(w) = 2*w**3 + 11*w**2 - 6*w + 2. Give o(-6).
2
Let q(n) = 5*n - 25. Calculate q(6).
5
Let f(h) = h**2 + 10*h - 8. Determine f(-10).
-8
Let i(s) = -s**3 + 7*s**2 + 8*s - 1. Give i(9).
-91
Let d(o) = 45*o - 629. What is d(14)?
1
Let c(b) = b**2 + 12*b + 34. Determine c(-9).
7
Let z(s) = s**3 - 13*s**2 + 17*s - 48. Give z(12).
12
Let y(g) = g**2 - 24*g + 117. Determine y(7).
-2
Let j(a) = -a**2 - 6*a + 5. Give j(-4).
13
Let n(f) = -28*f. What is n(3)?
-84
Let b(s) = -17*s + 37. Calculate b(2).
3
Let k(i) = -i**2 + 17*i - 2. What is k(18)?
-20
Let o(s) = -s**3 - 8*s**2 - 3*s + 7. What is o(-6)?
-47
Let b(v) = v**2 + 19*v + 53. Give b(-16).
5
Let b(v) = v**2 + 12*v + 21. Calculate b(-6).
-15
Let b(w) = w**3 + 12*w**2 - 5*w - 50. Give b(-12).
10
Let q(r) = -r**2 + 6*r + 14. Calculate q(10).
-26
Let c(g) = 10*g - 19. Give c(2).
1
Let t(n) = n + 23. Determine t(-10).
13
Let u(y) = y**3 - 7*y**2 - 6*y - 10. Calculate u(8).
6
Let h(t) = t + 4. Calculate h(6).
10
Let p(o) = o**3 - 7*o**2 - 8*o - 3. Give p(8).
-3
Let d(p) = -2*p**2 + 35*p - 12. Determine d(8).
140
Let h(l) = l**3 - 10*l**2 + 2*l - 17. What is h(10)?
3
Let a(s) = 5*s - 6. What is a(0)?
-6
Let f(b) = 8*b + 4. Give f(2).
20
Let z(t) = t**3 + 7*t**2 + 7*t - 3. Give z(-4).
17
Let i(y) = -y**2 + 7*y - 4. Calculate i(5).
6
Let h(l) = l**2 - 10*l + 12. Give h(9).
3
Let w(u) = u - 23. Determine w(-8).
-31
Let v(y) = -y**3 - 4*y**2 + 8*y + 4. Give v(-5).
-11
Let n(o) = 4*o - 25. Determine n(9).
11
Let f(v) = -v**3 + 5*v**2 + 7*v - 7. Calculate f(6).
-1
Let g(y) = -2*y - 6. Calculate g(5).
-16
Let n(k) = -8*k + 7. What is n(-5)?
47
Let v(k) = -7*k - 11. Determine v(6).
-53
Let y(h) = h**3 - 15*h**2 + 10*h + 62. Calculate y(14).
6
Let n(y) = -8*y - 417. Give n(-53).
7
Let r(c) = c**2 - 33*c + 65. Give r(31).
3
Let g(m) = m - 7. Determine g(7).
0
Let v(x) = -2*x - 41. Determine v(-25).
9
Let s(a) = 2*a + 1. Calculate s(2).
5
Let d(i) = 23*i - 172. Give d(8).
12
Let p(m) = m**3 + 10*m**2 + 12*m - 10. Calculate p(-10).
-130
Let g(q) = -q**3 + 4*q**2 + 6*q - 1. What is g(7)?
-106
Let r(f) = -f**3 - 6*f**2 + 3*f - 3. What is r(-6)?
-21
Let m(f) = 4*f - 17. What is m(7)?
11
Let i(p) = p - 6. Determine i(7).
1
Let z(y) = -y + 3. What is z(9)?
-6
Let b(g) = -g + 1. Determine b(-8).
9
Let x(b) = b**2 - 12*b + 11. What is x(8)?
-21
Let i(h) = h**3 + h**2 + 2*h + 3. Calculate i(-2).
-5
Let x(a) = 3*a + 13. Give x(-8).
-11
Let w(u) = u**3 + 8*u - 6. Determine w(2).
18
Let a(b) = -b**3 + 6*b**2 - 6*b + 1. Determine a(5).
-4
Let g(b) = -4*b**2 + b + 1. What is g(-1)?
-4
Let w(l) = l**3 + 15*l**2 + 16*l + 36. Calculate w(-14).
8
Let s(z) = 4*z - 15. Calculate s(3).
-3
Let r(u) = 5*u**2 + u - 2. Determine r(1).
4
Let x(j) = -j**3 - 9*j**2 + 19*j + 14. Give x(-10).
-76
Let u(n) = -n**3 + 8*n**2 - 11*n - 3. What is u(6)?
3
Let n(y) = -6*y + 26. What is n(10)?
-34
Let z(k) = k**2 - 6*k + 7. Determine z(4).
-1
Let t(i) = 9*i + 2. Give t(-1).
-7
Let t(s) = s**3 - 3*s**2 + 3*s - 3. What is t(3)?
6
Let w(j) = -j**3 - 11*j**2 - 18*j - 2. What is w(-9)?
-2
Let c(m) = -8*m + 30. Give c(-14).
142
Let d(h) = 14*h + 1. Give d(-1).
-13
Let k(y) = y**3 + 14*y**2 + 3*y + 8. What is k(-14)?
-34
Let g(r) = -r**3 + 16*r**2 - 14*r - 6. Determine g(15).
9
Let v(f) = 5*f - 12. Determine v(13).
53
Let q(f) = f**2 + 11*f + 11. Determine q(-11).
11
Let k(n) = -4*n**2 + 2*n. Calculate k(-3).
-42
Let c(i) = -5*i - 3. What is c(6)?
-33
Let g(x) = x**2 - 11*x - 3. Determine g(11).
-3
Let b(z) = z**2 - 5*z - 4. What is b(5)?
-4
Let h(y) = -y**2 + 15*y - 62. Give h(12).
-26
Let p(c) = -c**2 + 19*c + 84. What is p(23)?
-8
Let a(b) = b**3 - 23*b**2 + 26*b - 74. Calculate a(22).
14
Let u(v) = -v**3 - 2*v**2 + 10*v + 14. Calculate u(-3).
-7
Let u(x) = -2*x + 16. What is u(8)?
0
Let u(h) = -h + 3. What is u(2)?
1
Let t(y) = -y**2 + 13*y + 33. Calculate t(15).
3
Let p(d) = 2*d + 1. Determine p(-2).
-3
Let q(p) = 5*p + 8. Give q(-3).
-7
Let o(m) = -2*m - 15. What is o(-15)?
15
Let i(w) = -2*w - 16. Determine i(15).
-46
Let n(z) = z + 5. Give n(14).
19
Let q(j) = -2*j**3 + 23*j**2 - 8*j - 30. What is q(11)?
3
Let t(i) = 12*i**2 + i. Determine t(1).
13
Let k(p) = -p**3 - 18*p**2 + 21. Give k(-18).
21
Let j(l) = -5*l - 11. Give j(-5).
14
Let c(o) = -o**3 + 4*o**2 + o - 9. Give c(4).
-5
Let s(u) = u**2 - 12*u - 2. Determine s(9).
-29
Let c(p) = 4*p - 22. Determine c(-3)